{"id":74,"date":"2025-05-08T14:13:49","date_gmt":"2025-05-08T14:13:49","guid":{"rendered":"https:\/\/www.gfimedicine.com\/farmacia\/?post_type=product&#038;p=74"},"modified":"2025-05-08T14:13:49","modified_gmt":"2025-05-08T14:13:49","slug":"femixal","status":"publish","type":"product","link":"https:\/\/www.gfimedicine.com\/farmacia\/produto\/femixal\/","title":{"rendered":"Femixal"},"content":{"rendered":"<p class=\"text-body font-regular leading-[24px] pt-[9px] pb-[2px]\" dir=\"ltr\">O Femixal \u00e9 um suplemento natural em formato de c\u00e1psulas, especialmente desenvolvido para ajudar no tratamento e preven\u00e7\u00e3o da <b><strong class=\"font-bold\">cistite<\/strong><\/b>. Este problema pode afetar a qualidade de vida de muitas pessoas, trazendo desconfortos como dores, ardor ao urinar, e vontade frequente de ir ao banheiro. O Femixal, com sua composi\u00e7\u00e3o \u00fanica, transforma este desconforto em al\u00edvio atrav\u00e9s de suas propriedades naturais e benef\u00edcios comprovados.<\/p>\n<h2 class=\"font-bold text-h3 leading-[40px] pt-[21px] pb-[2px] [&amp;_a]:underline-offset-[6px] [&amp;_.underline]:underline-offset-[6px]\" dir=\"ltr\">Como funciona o Femixal?<\/h2>\n<p class=\"text-body font-regular leading-[24px] pt-[9px] pb-[2px]\" dir=\"ltr\">O Femixal atua diretamente na causa principal da cistite. Ele colabora para:<\/p>\n<ul class=\"pt-[9px] pb-[2px] pl-[24px] list-inside list-disc pt-[5px]\">\n<li class=\"text-body font-regular leading-[24px] my-[5px] [&amp;&gt;ol]:!pt-0 [&amp;&gt;ol]:!pb-0 [&amp;&gt;ul]:!pt-0 [&amp;&gt;ul]:!pb-0\" value=\"1\"><b><strong class=\"font-bold\">Reduzir inflama\u00e7\u00f5es<\/strong><\/b> no trato urin\u00e1rio;<\/li>\n<li class=\"text-body font-regular leading-[24px] my-[5px] [&amp;&gt;ol]:!pt-0 [&amp;&gt;ol]:!pb-0 [&amp;&gt;ul]:!pt-0 [&amp;&gt;ul]:!pb-0\" value=\"2\">Fortalecer as <b><strong class=\"font-bold\">defesas naturais do corpo<\/strong><\/b> contra microorganismos indesejados;<\/li>\n<li class=\"text-body font-regular leading-[24px] my-[5px] [&amp;&gt;ol]:!pt-0 [&amp;&gt;ol]:!pb-0 [&amp;&gt;ul]:!pt-0 [&amp;&gt;ul]:!pb-0\" value=\"3\">Ajudar na <b><strong class=\"font-bold\">elimina\u00e7\u00e3o de bact\u00e9rias<\/strong><\/b> prejudiciais de forma eficaz e natural;<\/li>\n<li class=\"text-body font-regular leading-[24px] my-[5px] [&amp;&gt;ol]:!pt-0 [&amp;&gt;ol]:!pb-0 [&amp;&gt;ul]:!pt-0 [&amp;&gt;ul]:!pb-0\" value=\"4\">Aliviar rapidamente os sintomas como dor e ardor associados \u00e0 cistite.<\/li>\n<\/ul>\n<p class=\"text-body font-regular leading-[24px] pt-[9px] pb-[2px]\" dir=\"ltr\">Com o uso cont\u00ednuo, \u00e9 poss\u00edvel observar uma melhora significativa na sa\u00fade urin\u00e1ria e na qualidade de vida geral.<\/p>\n<h2 class=\"font-bold text-h3 leading-[40px] pt-[21px] pb-[2px] [&amp;_a]:underline-offset-[6px] [&amp;_.underline]:underline-offset-[6px]\" dir=\"ltr\">Femixal &#8211; Depoimentos e Opini\u00f5es<\/h2>\n<p class=\"text-body font-regular leading-[24px] pt-[9px] pb-[2px]\" dir=\"ltr\">Aqui est\u00e3o alguns relatos de clientes satisfeitos de Portugal que experimentaram o Femixal:<\/p>\n<p class=\"text-body font-regular leading-[24px] pt-[9px] pb-[2px]\" dir=\"ltr\"><b><strong class=\"font-bold\">Carla M., Lisboa:<\/strong><\/b><\/p>\n<p class=\"text-body font-regular leading-[24px] pt-[9px] pb-[2px]\" dir=\"ltr\"><i><em class=\"italic\">&#8220;Sofri com cistite por anos e era frustrante. Depois de come\u00e7ar a usar o Femixal, senti al\u00edvio em poucos dias. Al\u00e9m disso, n\u00e3o tive nenhuma crise nos \u00faltimos meses. Recomendo de olhos fechados!&#8221;<\/em><\/i><\/p>\n<p class=\"text-body font-regular leading-[24px] pt-[9px] pb-[2px]\" dir=\"ltr\"><b><strong class=\"font-bold\">Jo\u00e3o L., Porto:<\/strong><\/b><\/p>\n<p class=\"text-body font-regular leading-[24px] pt-[9px] pb-[2px]\" dir=\"ltr\"><i><em class=\"italic\">&#8220;Fiquei impressionado com a efic\u00e1cia do Femixal. Achei pr\u00e1tico e muito eficiente, parece que minha imunidade urin\u00e1ria melhorou muito.&#8221;<\/em><\/i><\/p>\n<p class=\"text-body font-regular leading-[24px] pt-[9px] pb-[2px]\" dir=\"ltr\"><b><strong class=\"font-bold\">Ana R., Coimbra:<\/strong><\/b><\/p>\n<p class=\"text-body font-regular leading-[24px] pt-[9px] pb-[2px]\" dir=\"ltr\"><i><em class=\"italic\">&#8220;Nunca gostei muito de rem\u00e9dios pesados, ent\u00e3o optei pelo Femixal. Adoro o fato de ser natural e ele realmente funciona. Agora, sinto-me muito mais segura em rela\u00e7\u00e3o \u00e0 minha sa\u00fade.&#8221;<\/em><\/i><\/p>\n<h2 class=\"font-bold text-h3 leading-[40px] pt-[21px] pb-[2px] [&amp;_a]:underline-offset-[6px] [&amp;_.underline]:underline-offset-[6px]\" dir=\"ltr\">Femixal &#8211; Composi\u00e7\u00e3o e Ingredientes<\/h2>\n<p class=\"text-body font-regular leading-[24px] pt-[9px] pb-[2px]\" dir=\"ltr\">O Femixal \u00e9 feito com ingredientes cuidadosamente selecionados. Veja abaixo cada um deles e como contribuem para o funcionamento do produto:<\/p>\n<ul class=\"pt-[9px] pb-[2px] pl-[24px] list-inside list-disc pt-[5px]\">\n<li class=\"text-body font-regular leading-[24px] my-[5px] [&amp;&gt;ol]:!pt-0 [&amp;&gt;ol]:!pb-0 [&amp;&gt;ul]:!pt-0 [&amp;&gt;ul]:!pb-0\" value=\"1\"><b><strong class=\"font-bold\">Extrato de Arando Vermelho<\/strong><\/b> (<i><em class=\"italic\">Cranberry<\/em><\/i>): Rico em proantocianidinas, combate as bact\u00e9rias que causam infe\u00e7\u00f5es urin\u00e1rias ao impedir que elas se fixem \u00e0s paredes do trato urin\u00e1rio.<\/li>\n<li class=\"text-body font-regular leading-[24px] my-[5px] [&amp;&gt;ol]:!pt-0 [&amp;&gt;ol]:!pb-0 [&amp;&gt;ul]:!pt-0 [&amp;&gt;ul]:!pb-0\" value=\"2\"><b><strong class=\"font-bold\">Vitamina C:<\/strong><\/b> Fortalece o sistema imunol\u00f3gico e contribui para um ambiente urin\u00e1rio menos favor\u00e1vel ao crescimento bacteriano.<\/li>\n<li class=\"text-body font-regular leading-[24px] my-[5px] [&amp;&gt;ol]:!pt-0 [&amp;&gt;ol]:!pb-0 [&amp;&gt;ul]:!pt-0 [&amp;&gt;ul]:!pb-0\" value=\"3\"><b><strong class=\"font-bold\">Dente-de-le\u00e3o:<\/strong><\/b> Conhecido por suas propriedades diur\u00e9ticas, ajuda a eliminar toxinas e bact\u00e9rias prejudiciais do corpo.<\/li>\n<li class=\"text-body font-regular leading-[24px] my-[5px] [&amp;&gt;ol]:!pt-0 [&amp;&gt;ol]:!pb-0 [&amp;&gt;ul]:!pt-0 [&amp;&gt;ul]:!pb-0\" value=\"4\"><b><strong class=\"font-bold\">Uva-ursi:<\/strong><\/b> Um ingrediente natural que possui propriedades antimicrobianas, auxiliando na redu\u00e7\u00e3o de infe\u00e7\u00f5es.<\/li>\n<li class=\"text-body font-regular leading-[24px] my-[5px] [&amp;&gt;ol]:!pt-0 [&amp;&gt;ol]:!pb-0 [&amp;&gt;ul]:!pt-0 [&amp;&gt;ul]:!pb-0\" value=\"5\"><b><strong class=\"font-bold\">Zinco:<\/strong><\/b> Essencial para refor\u00e7ar as defesas naturais do organismo e acelerar o processo de recupera\u00e7\u00e3o.<\/li>\n<\/ul>\n<h2 class=\"font-bold text-h3 leading-[40px] pt-[21px] pb-[2px] [&amp;_a]:underline-offset-[6px] [&amp;_.underline]:underline-offset-[6px]\" dir=\"ltr\">Femixal &#8211; Vantagens e Resultados<\/h2>\n<p class=\"text-body font-regular leading-[24px] pt-[9px] pb-[2px]\" dir=\"ltr\">Por que escolher o Femixal? Estas s\u00e3o apenas algumas das vantagens:<\/p>\n<ul class=\"pt-[9px] pb-[2px] pl-[24px] list-inside list-disc pt-[5px]\">\n<li class=\"text-body font-regular leading-[24px] my-[5px] [&amp;&gt;ol]:!pt-0 [&amp;&gt;ol]:!pb-0 [&amp;&gt;ul]:!pt-0 [&amp;&gt;ul]:!pb-0\" value=\"1\"><b><strong class=\"font-bold\">F\u00f3rmula Natural:<\/strong><\/b> Sem qu\u00edmicos agressivos, Femixal \u00e9 seguro para uso cont\u00ednuo.<\/li>\n<li class=\"text-body font-regular leading-[24px] my-[5px] [&amp;&gt;ol]:!pt-0 [&amp;&gt;ol]:!pb-0 [&amp;&gt;ul]:!pt-0 [&amp;&gt;ul]:!pb-0\" value=\"2\"><b><strong class=\"font-bold\">Resultados r\u00e1pidos:<\/strong><\/b> Muitos usu\u00e1rios relatam redu\u00e7\u00e3o dos sintomas nos primeiros dias de uso.<\/li>\n<li class=\"text-body font-regular leading-[24px] my-[5px] [&amp;&gt;ol]:!pt-0 [&amp;&gt;ol]:!pb-0 [&amp;&gt;ul]:!pt-0 [&amp;&gt;ul]:!pb-0\" value=\"3\"><b><strong class=\"font-bold\">Previne reca\u00eddas:<\/strong><\/b> Com o tempo, ajuda a fortalecer as defesas do sistema urin\u00e1rio.<\/li>\n<li class=\"text-body font-regular leading-[24px] my-[5px] [&amp;&gt;ol]:!pt-0 [&amp;&gt;ol]:!pb-0 [&amp;&gt;ul]:!pt-0 [&amp;&gt;ul]:!pb-0\" value=\"4\"><b><strong class=\"font-bold\">Qualidade Certificada:<\/strong><\/b> Desenvolvido sob rigorosos padr\u00f5es, garantindo a m\u00e1xima efic\u00e1cia.<\/li>\n<\/ul>\n<p class=\"text-body font-regular leading-[24px] pt-[9px] pb-[2px]\" dir=\"ltr\">Com o Femixal, pode finalmente dizer adeus aos desconfortos causados pela cistite e desfrutar de uma vida sem interrup\u00e7\u00f5es.<\/p>\n<h2 class=\"font-bold text-h3 leading-[40px] pt-[21px] pb-[2px] [&amp;_a]:underline-offset-[6px] [&amp;_.underline]:underline-offset-[6px]\" dir=\"ltr\">Onde Comprar Femixal em Portugal?<\/h2>\n<p class=\"text-body font-regular leading-[24px] pt-[9px] pb-[2px]\" dir=\"ltr\">No momento, o Femixal n\u00e3o est\u00e1 dispon\u00edvel em farm\u00e1cias comuns, lojas online ou an\u00fancios gerais. Isso acontece porque o produto est\u00e1 <b><strong class=\"font-bold\">dispon\u00edvel em quantidades limitadas<\/strong><\/b> e apenas atrav\u00e9s de farm\u00e1cias que possuem contrato direto com o fabricante. Assim, garantimos <b><strong class=\"font-bold\">produtos originais e servi\u00e7o confi\u00e1vel<\/strong><\/b>.<\/p>\n<p class=\"text-body font-regular leading-[24px] pt-[9px] pb-[2px]\" dir=\"ltr\">Para adquirir o Femixal, basta clicar no bot\u00e3o \u201cAdicionar\u201d, preencher o formul\u00e1rio com os seus dados e escolher o m\u00e9todo de envio e pagamento mais conveniente para si.<\/p>\n<p class=\"text-body font-regular leading-[24px] pt-[9px] pb-[2px]\" dir=\"ltr\"><b><strong class=\"font-bold\">Entrega:<\/strong><\/b> Os pedidos geralmente s\u00e3o entregues no prazo de 24 a 72 horas e o pagamento s\u00f3 \u00e9 efetuado no momento da entrega no endere\u00e7o indicado.<\/p>\n<h2 class=\"font-bold text-h3 leading-[40px] pt-[21px] pb-[2px] [&amp;_a]:underline-offset-[6px] [&amp;_.underline]:underline-offset-[6px]\" dir=\"ltr\">Quanto custa o Femixal? Pre\u00e7o<\/h2>\n<p class=\"text-body font-regular leading-[24px] pt-[9px] pb-[2px]\" dir=\"ltr\">O pre\u00e7o original do Femixal \u00e9 de <b><strong class=\"font-bold\">78 euros<\/strong><\/b>, mas atualmente h\u00e1 uma <b><strong class=\"font-bold\">promo\u00e7\u00e3o especial<\/strong><\/b> em nosso site. Durante o per\u00edodo promocional, oferecemos <b><strong class=\"font-bold\">50% de desconto<\/strong><\/b>, ou seja, pode adquirir o Femixal por apenas <b><strong class=\"font-bold\">39 euros<\/strong><\/b>. Mas aten\u00e7\u00e3o, as unidades em oferta s\u00e3o limitadas devido \u00e0 popularidade do produto. Garanta j\u00e1 o seu!<\/p>\n<h2 class=\"font-bold text-h3 leading-[40px] pt-[21px] pb-[2px] [&amp;_a]:underline-offset-[6px] [&amp;_.underline]:underline-offset-[6px]\" dir=\"ltr\">Como usar o Femixal? Instru\u00e7\u00f5es de Uso<\/h2>\n<p class=\"text-body font-regular leading-[24px] pt-[9px] pb-[2px]\" dir=\"ltr\">Para obter os melhores resultados com o Femixal, siga estas instru\u00e7\u00f5es:<\/p>\n<ol class=\"pt-[9px] pb-[2px] pl-[24px] list-inside list-decimal\">\n<li class=\"text-body font-regular leading-[24px] my-[5px] [&amp;&gt;ol]:!pt-0 [&amp;&gt;ol]:!pb-0 [&amp;&gt;ul]:!pt-0 [&amp;&gt;ul]:!pb-0\" value=\"1\">Tome <b><strong class=\"font-bold\">2 c\u00e1psulas por dia<\/strong><\/b>, uma pela manh\u00e3 e outra \u00e0 noite, com um copo de \u00e1gua.<\/li>\n<li class=\"text-body font-regular leading-[24px] my-[5px] [&amp;&gt;ol]:!pt-0 [&amp;&gt;ol]:!pb-0 [&amp;&gt;ul]:!pt-0 [&amp;&gt;ul]:!pb-0\" value=\"2\">Utilize o produto de forma cont\u00ednua, mesmo ap\u00f3s o al\u00edvio dos sintomas iniciais, para prevenir reca\u00eddas.<\/li>\n<li class=\"text-body font-regular leading-[24px] my-[5px] [&amp;&gt;ol]:!pt-0 [&amp;&gt;ol]:!pb-0 [&amp;&gt;ul]:!pt-0 [&amp;&gt;ul]:!pb-0\" value=\"3\">Armazene o produto em local fresco e seco, longe da luz direta.<\/li>\n<\/ol>\n<p class=\"text-body font-regular leading-[24px] pt-[9px] pb-[2px]\" dir=\"ltr\">Siga essas instru\u00e7\u00f5es simples e comece a notar a diferen\u00e7a na sua sa\u00fade urin\u00e1ria em poucos dias.<\/p>\n<h2 class=\"font-bold text-h3 leading-[40px] pt-[21px] pb-[2px] [&amp;_a]:underline-offset-[6px] [&amp;_.underline]:underline-offset-[6px]\" dir=\"ltr\">Femixal &#8211; Contraindica\u00e7\u00f5es e Efeitos Colaterais<\/h2>\n<p class=\"text-body font-regular leading-[24px] pt-[9px] pb-[2px]\" dir=\"ltr\">O Femixal \u00e9 um produto natural, <b><strong class=\"font-bold\">seguro e sem efeitos colaterais conhecidos<\/strong><\/b>. Por isso, pode ser usado por qualquer pessoa \u00e0 procura de uma solu\u00e7\u00e3o eficaz para cistite. No entanto, como precau\u00e7\u00e3o, gr\u00e1vidas, lactantes e pessoas com condi\u00e7\u00f5es m\u00e9dicas espec\u00edficas devem consultar um m\u00e9dico antes de iniciar o uso.<\/p>\n","protected":false},"excerpt":{"rendered":"<p>O Femixal \u00e9 um suplemento natural em formato de c\u00e1psulas, especialmente desenvolvido para ajudar no tratamento e preven\u00e7\u00e3o da cistite. Este problema pode afetar a qualidade de vida de muitas pessoas, trazendo desconfortos como dores, ardor ao urinar, e vontade frequente de ir ao banheiro. O Femixal, com sua composi\u00e7\u00e3o \u00fanica, transforma este desconforto em&hellip;&nbsp;<\/p>\n","protected":false},"featured_media":75,"template":"","meta":{"neve_meta_sidebar":"","neve_meta_container":"","neve_meta_enable_content_width":"off","neve_meta_content_width":100,"neve_meta_title_alignment":"","neve_meta_author_avatar":"","neve_post_elements_order":"","neve_meta_disable_header":"","neve_meta_disable_footer":"","neve_meta_disable_title":"","iawp_total_views":2},"product_brand":[],"product_cat":[16],"product_tag":[],"class_list":{"0":"post-74","1":"product","2":"type-product","3":"status-publish","4":"has-post-thumbnail","6":"product_cat-saude","8":"first","9":"instock","10":"sale","11":"shipping-taxable","12":"purchasable","13":"product-type-simple"},"yoast_head":"<!-- This site is optimized with the Yoast SEO plugin v27.6 - https:\/\/yoast.com\/product\/yoast-seo-wordpress\/ -->\n<title>Femixal - Farm&aacute;cia Online<\/title>\n<meta name=\"robots\" content=\"index, follow, max-snippet:-1, max-image-preview:large, max-video-preview:-1\" \/>\n<link rel=\"canonical\" href=\"https:\/\/www.gfimedicine.com\/farmacia\/produto\/femixal\/\" \/>\n<meta property=\"og:locale\" content=\"pt_PT\" \/>\n<meta property=\"og:type\" content=\"article\" \/>\n<meta property=\"og:title\" content=\"Femixal - Farm&aacute;cia Online\" \/>\n<meta property=\"og:description\" content=\"O Femixal \u00e9 um suplemento natural em formato de c\u00e1psulas, especialmente desenvolvido para ajudar no tratamento e preven\u00e7\u00e3o da cistite. Este problema pode afetar a qualidade de vida de muitas pessoas, trazendo desconfortos como dores, ardor ao urinar, e vontade frequente de ir ao banheiro. O Femixal, com sua composi\u00e7\u00e3o \u00fanica, transforma este desconforto em&hellip;&nbsp;\" \/>\n<meta property=\"og:url\" content=\"https:\/\/www.gfimedicine.com\/farmacia\/produto\/femixal\/\" \/>\n<meta property=\"og:site_name\" content=\"Farm&aacute;cia Online\" \/>\n<meta property=\"og:image\" content=\"https:\/\/www.gfimedicine.com\/farmacia\/wp-content\/uploads\/2025\/05\/femixal.jpg\" \/>\n\t<meta property=\"og:image:width\" content=\"250\" \/>\n\t<meta property=\"og:image:height\" content=\"300\" \/>\n\t<meta property=\"og:image:type\" content=\"image\/jpeg\" \/>\n<meta name=\"twitter:card\" content=\"summary_large_image\" \/>\n<meta name=\"twitter:label1\" content=\"Tempo estimado de leitura\" \/>\n\t<meta name=\"twitter:data1\" content=\"5 minutos\" \/>\n<script type=\"application\/ld+json\" class=\"yoast-schema-graph\">{\"@context\":\"https:\\\/\\\/schema.org\",\"@graph\":[{\"@type\":\"WebPage\",\"@id\":\"https:\\\/\\\/www.gfimedicine.com\\\/farmacia\\\/produto\\\/femixal\\\/\",\"url\":\"https:\\\/\\\/www.gfimedicine.com\\\/farmacia\\\/produto\\\/femixal\\\/\",\"name\":\"Femixal - Farm&aacute;cia Online\",\"isPartOf\":{\"@id\":\"https:\\\/\\\/www.gfimedicine.com\\\/farmacia\\\/#website\"},\"primaryImageOfPage\":{\"@id\":\"https:\\\/\\\/www.gfimedicine.com\\\/farmacia\\\/produto\\\/femixal\\\/#primaryimage\"},\"image\":{\"@id\":\"https:\\\/\\\/www.gfimedicine.com\\\/farmacia\\\/produto\\\/femixal\\\/#primaryimage\"},\"thumbnailUrl\":\"https:\\\/\\\/www.gfimedicine.com\\\/farmacia\\\/wp-content\\\/uploads\\\/2025\\\/05\\\/femixal.jpg\",\"datePublished\":\"2025-05-08T14:13:49+00:00\",\"breadcrumb\":{\"@id\":\"https:\\\/\\\/www.gfimedicine.com\\\/farmacia\\\/produto\\\/femixal\\\/#breadcrumb\"},\"inLanguage\":\"pt-PT\",\"potentialAction\":[{\"@type\":\"ReadAction\",\"target\":[\"https:\\\/\\\/www.gfimedicine.com\\\/farmacia\\\/produto\\\/femixal\\\/\"]}]},{\"@type\":\"ImageObject\",\"inLanguage\":\"pt-PT\",\"@id\":\"https:\\\/\\\/www.gfimedicine.com\\\/farmacia\\\/produto\\\/femixal\\\/#primaryimage\",\"url\":\"https:\\\/\\\/www.gfimedicine.com\\\/farmacia\\\/wp-content\\\/uploads\\\/2025\\\/05\\\/femixal.jpg\",\"contentUrl\":\"https:\\\/\\\/www.gfimedicine.com\\\/farmacia\\\/wp-content\\\/uploads\\\/2025\\\/05\\\/femixal.jpg\",\"width\":250,\"height\":300,\"caption\":\"femixal\"},{\"@type\":\"BreadcrumbList\",\"@id\":\"https:\\\/\\\/www.gfimedicine.com\\\/farmacia\\\/produto\\\/femixal\\\/#breadcrumb\",\"itemListElement\":[{\"@type\":\"ListItem\",\"position\":1,\"name\":\"In\u00edcio\",\"item\":\"https:\\\/\\\/www.gfimedicine.com\\\/farmacia\\\/\"},{\"@type\":\"ListItem\",\"position\":2,\"name\":\"Farm\u00e1cia\",\"item\":\"https:\\\/\\\/www.gfimedicine.com\\\/farmacia\\\/\"},{\"@type\":\"ListItem\",\"position\":3,\"name\":\"Femixal\"}]},{\"@type\":\"WebSite\",\"@id\":\"https:\\\/\\\/www.gfimedicine.com\\\/farmacia\\\/#website\",\"url\":\"https:\\\/\\\/www.gfimedicine.com\\\/farmacia\\\/\",\"name\":\"Farm&aacute;cia Online\",\"description\":\"\",\"potentialAction\":[{\"@type\":\"SearchAction\",\"target\":{\"@type\":\"EntryPoint\",\"urlTemplate\":\"https:\\\/\\\/www.gfimedicine.com\\\/farmacia\\\/?s={search_term_string}\"},\"query-input\":{\"@type\":\"PropertyValueSpecification\",\"valueRequired\":true,\"valueName\":\"search_term_string\"}}],\"inLanguage\":\"pt-PT\"}]}<\/script>\n<!-- \/ Yoast SEO plugin. -->","yoast_head_json":{"title":"Femixal - Farm&aacute;cia Online","robots":{"index":"index","follow":"follow","max-snippet":"max-snippet:-1","max-image-preview":"max-image-preview:large","max-video-preview":"max-video-preview:-1"},"canonical":"https:\/\/www.gfimedicine.com\/farmacia\/produto\/femixal\/","og_locale":"pt_PT","og_type":"article","og_title":"Femixal - Farm&aacute;cia Online","og_description":"O Femixal \u00e9 um suplemento natural em formato de c\u00e1psulas, especialmente desenvolvido para ajudar no tratamento e preven\u00e7\u00e3o da cistite. Este problema pode afetar a qualidade de vida de muitas pessoas, trazendo desconfortos como dores, ardor ao urinar, e vontade frequente de ir ao banheiro. O Femixal, com sua composi\u00e7\u00e3o \u00fanica, transforma este desconforto em&hellip;&nbsp;","og_url":"https:\/\/www.gfimedicine.com\/farmacia\/produto\/femixal\/","og_site_name":"Farm&aacute;cia Online","og_image":[{"width":250,"height":300,"url":"https:\/\/www.gfimedicine.com\/farmacia\/wp-content\/uploads\/2025\/05\/femixal.jpg","type":"image\/jpeg"}],"twitter_card":"summary_large_image","twitter_misc":{"Tempo estimado de leitura":"5 minutos"},"schema":{"@context":"https:\/\/schema.org","@graph":[{"@type":"WebPage","@id":"https:\/\/www.gfimedicine.com\/farmacia\/produto\/femixal\/","url":"https:\/\/www.gfimedicine.com\/farmacia\/produto\/femixal\/","name":"Femixal - Farm&aacute;cia Online","isPartOf":{"@id":"https:\/\/www.gfimedicine.com\/farmacia\/#website"},"primaryImageOfPage":{"@id":"https:\/\/www.gfimedicine.com\/farmacia\/produto\/femixal\/#primaryimage"},"image":{"@id":"https:\/\/www.gfimedicine.com\/farmacia\/produto\/femixal\/#primaryimage"},"thumbnailUrl":"https:\/\/www.gfimedicine.com\/farmacia\/wp-content\/uploads\/2025\/05\/femixal.jpg","datePublished":"2025-05-08T14:13:49+00:00","breadcrumb":{"@id":"https:\/\/www.gfimedicine.com\/farmacia\/produto\/femixal\/#breadcrumb"},"inLanguage":"pt-PT","potentialAction":[{"@type":"ReadAction","target":["https:\/\/www.gfimedicine.com\/farmacia\/produto\/femixal\/"]}]},{"@type":"ImageObject","inLanguage":"pt-PT","@id":"https:\/\/www.gfimedicine.com\/farmacia\/produto\/femixal\/#primaryimage","url":"https:\/\/www.gfimedicine.com\/farmacia\/wp-content\/uploads\/2025\/05\/femixal.jpg","contentUrl":"https:\/\/www.gfimedicine.com\/farmacia\/wp-content\/uploads\/2025\/05\/femixal.jpg","width":250,"height":300,"caption":"femixal"},{"@type":"BreadcrumbList","@id":"https:\/\/www.gfimedicine.com\/farmacia\/produto\/femixal\/#breadcrumb","itemListElement":[{"@type":"ListItem","position":1,"name":"In\u00edcio","item":"https:\/\/www.gfimedicine.com\/farmacia\/"},{"@type":"ListItem","position":2,"name":"Farm\u00e1cia","item":"https:\/\/www.gfimedicine.com\/farmacia\/"},{"@type":"ListItem","position":3,"name":"Femixal"}]},{"@type":"WebSite","@id":"https:\/\/www.gfimedicine.com\/farmacia\/#website","url":"https:\/\/www.gfimedicine.com\/farmacia\/","name":"Farm&aacute;cia Online","description":"","potentialAction":[{"@type":"SearchAction","target":{"@type":"EntryPoint","urlTemplate":"https:\/\/www.gfimedicine.com\/farmacia\/?s={search_term_string}"},"query-input":{"@type":"PropertyValueSpecification","valueRequired":true,"valueName":"search_term_string"}}],"inLanguage":"pt-PT"}]}},"_links":{"self":[{"href":"https:\/\/www.gfimedicine.com\/farmacia\/wp-json\/wp\/v2\/product\/74","targetHints":{"allow":["GET"]}}],"collection":[{"href":"https:\/\/www.gfimedicine.com\/farmacia\/wp-json\/wp\/v2\/product"}],"about":[{"href":"https:\/\/www.gfimedicine.com\/farmacia\/wp-json\/wp\/v2\/types\/product"}],"wp:featuredmedia":[{"embeddable":true,"href":"https:\/\/www.gfimedicine.com\/farmacia\/wp-json\/wp\/v2\/media\/75"}],"wp:attachment":[{"href":"https:\/\/www.gfimedicine.com\/farmacia\/wp-json\/wp\/v2\/media?parent=74"}],"wp:term":[{"taxonomy":"product_brand","embeddable":true,"href":"https:\/\/www.gfimedicine.com\/farmacia\/wp-json\/wp\/v2\/product_brand?post=74"},{"taxonomy":"product_cat","embeddable":true,"href":"https:\/\/www.gfimedicine.com\/farmacia\/wp-json\/wp\/v2\/product_cat?post=74"},{"taxonomy":"product_tag","embeddable":true,"href":"https:\/\/www.gfimedicine.com\/farmacia\/wp-json\/wp\/v2\/product_tag?post=74"}],"curies":[{"name":"wp","href":"https:\/\/api.w.org\/{rel}","templated":true}]}}